 14) in base 13?
-46529
What is -213132221 (base 4) in base 14?
-42d05
What is 650416 (base 7) in base 3?
12202002021
What is 1b7b83 (base 14) in base 10?
981879
Convert 20200001222 (base 3) to base 2.
100000000011001001
Convert 46a9986 (base 11) to base 7.
126542022
-11131312111 (base 4) to base 9
-2623611
4c517 (base 14) to base 6
4004253
What is -102111031202 (base 4) in base 5?
-2212233344
What is -4005235 (base 6) in base 11?
-119107
Convert 3171356 (base 8) to base 2.
11001111001011101110
-22295 (base 14) to base 11
-57272
Convert -1465c (base 13) to base 15.
-b5ca
222132230 (base 5) to base 12
3ab841
bdd0 (base 16) to base 7
261445
-141313532 (base 6) to base 3
-12101212221102
Convert 123125 (base 10) to base 11.
84562
-2b912 (base 13) to base 3
-11012121121
What is -202200011022012 (base 3) in base 14?
-165da43
Convert 1002001012012022 (base 3) to base 4.
322320113330
What is -148733 (base 14) in base 8?
-2564151
What is 37655 (base 12) in base 7?
432224
424543024 (base 6) to base 3
112010112100121
What is -6e5f8 (base 16) in base 9?
-758130
-2666a53 (base 12) to base 8
-34776137
What is -289844 (base 10) in base 6?
-10113512
What is 205ec9 (base 15) in base 2?
101110111101110010100
Convert f768c (base 16) to base 10.
1013388
What is -2434111310 (base 5) in base 10?
-5769580
What is 11001010101001101 (base 2) in base 9?
167285
-a2db1 (base 16) to base 15
-d29a7
What is -12022222101022 (base 3) in base 8?
-12636755
Convert -523220 (base 14) to base 9.
-5188033
What is 1113526 (base 7) in base 2?
100001101110100111
-73128 (base 11) to base 3
-12102021022
What is 2181b49 (base 12) in base 10?
6390057
-24354 (base 11) to base 13
-12c36
460011 (base 7) to base 3
11010222210
Convert 2122011012222 (base 3) to base 13.
3a0652
Convert 3607163 (base 8) to base 11.
614396
Convert -145534142 (base 6) to base 12.
-1044352
What is 1de47c (base 15) in base 14?
2a2259
What is -4a1703 (base 12) in base 15?
-18c26c
3438502 (base 9) to base 8
7051671
1148268 (base 9) to base 11
395a03
What is 210684 (base 9) in base 14?
338c5
Convert 242bd (base 16) to base 9.
245208
What is 17a583 (base 13) in base 10?
594142
Convert -93c482 (base 13) to base 4.
-31023120002
What is -21937 (base 14) in base 13?
-2b079
9a5e5 (base 15) to base 4
1313303123
-36d87 (base 14) to base 6
-2514043
What is b5965 (base 13) in base 16?
4fc68
-13312431 (base 5) to base 6
-2522410
498d3a (base 15) to base 7
41642305
What is 23101222 (base 4) in base 8?
132152
Convert 20011111222 (base 3) to base 5.
12341031
Convert -20040313 (base 5) to base 14.
-41c53
Convert -10774544 (base 8) to base 5.
-1100420404
Convert -9d08d (base 16) to base 12.
-270291
-302022200 (base 5) to base 9
-2235447
Convert 1637371 (base 8) to base 5.
110143443
What is 310212332 (base 4) in base 11?
137997
1323520251 (base 6) to base 7
251535055
What is 300003113 (base 5) in base 14?
227307
What is -10230000231 (base 4) in base 5?
-303310340
Convert 555a1 (base 13) to base 9.
255262
Convert 454515 (base 6) to base 7.
220436
Convert 47c618 (base 14) to base 12.
9a43ba
Convert 4113562 (base 8) to base 7.
12146051
Convert -1011110000111111 (base 2) to base 5.
-3020231
What is 5429800 (base 10) in base 4?
110231220220
-55372 (base 9) to base 4
-20332112
Convert -363102 (base 12) to base 9.
-1574872
Convert 2112110202112 (base 3) to base 9.
2473675
-b877b6 (base 12) to base 4
-23013332322
What is 63324 (base 11) in base 4?
112201010
4015392 (base 10) to base 14
76749a
-332280 (base 13) to base 14
-234cc6
161b63 (base 12) to base 6
12023403
Convert -243224412 (base 5) to base 9.
-2140678
What is 500173 (base 10) in base 2?
1111010000111001101
What is -153320311 (base 6) in base 7?
-36404341
-28b4b (base 13) to base 9
-126083
What is 3102322 (base 4) in base 6?
142254
Convert 10103444 (base 7) to base 12.
34705b
What is -110202200100 (base 3) in base 16?
-3d587
Convert 212022211 (base 3) to base 4.
10021231
-a34c84 (base 13) to base 9
-7145628
-91958 (base 11) to base 5
-13244002
Convert 41455556 (base 9) to base 10.
19936419
What is 2b500 (base 12) in base 13?
21b19
What is -231cb (base 15) in base 2?
-11011010010101111
Convert -114e08 (base 16) to base 15.
-17605d
Convert -1244832 (base 11) to base 13.
-5a7668
Convert 719255 (base 10) to base 3.
1100112122002
What is 1061829 (base 10) in base 6?
34431513
Convert 121021002 (base 4) to base 8.
311102
What is -81731 (base 12) in base 16?
-292d5
What is 111000100010111111111 (base 2) in base 14?
36339d
-116620 (base 13) to base 7
-3343135
What is 112768 (base 10) in base 13?
3c436
What is -223130123 (base 4) in base 13?
-62cc3
-10111010210 (base 3) to base 10
-68628
What is 1c8327 (base 13) in base 10?
732141
Convert -1001020221222020 (base 3) to base 8.
-71222643
-52203520 (base 6) to base 13
-40b036
92526 (base 11) to base 2
100000111110011000
5153400 (base 6) to base 3
110121122100
What is -16861 (base 15) in base 12?
-3613a
2313441 (base 5) to base 12
201aa
What is 1263aa7 (base 11) in base 4?
20111321031
What is -13d21e (base 16) in base 15?
-1a9d34
-10100100110011001 (base 2) to base 9
-137662
-3ce99 (base 15) to base 11
-124011
What is 1050335 (base 8) in base 11?
183562
4602583 (base 9) to base 7
30045066
32431 (base 16) to base 12
9b181
Convert 18c64 (base 15) to base 7.
453313
Convert 20a3580 (base 12) to base 6.
340323440
-b696 (base 15) to base 4
-21123120
-30d9e (base 15) to base 14
-4067b
-44516573 (base 8) to base 14
-13c1947
What is 16520101 (base 8) in base 6?
214203321
What is -1515922 (base 10) in base 5?
-342002142
-746514 (base 10) to base 14
-1560a6
What is 82363b (base 13) in base 2?
1011100100111111110001
What is -61 (base 13) in base 6?
-211
419986 (base 13) to base 7
16022422
What is -1c21c (base 15) in base 14?
-25550
What is -554840 (base 9) in base 3?
-121211221100
Convert 19d8a (base 15) to base 9.
137264
5400354 (base 6) to base 9
442767
-13223011320 (base 4) to base 10
-2011512
Convert -60a21 (base 12) to base 15.
-27471
53415 (base 6) to base 3
100222202
Convert 267160 (base 11) to base 8.
1463174
What is -1110010110100000000111 (base 2) in base 15?
-4e4ac3
What is -33331131 (base 4) in base 2?
-1111111101011101
Convert 56431466 (base 7) to base 14.
9172dd
What is -1110111000110110010 (base 2) in base 7?
-4101220
What is 702316 (base 9) in base 15?
82ea9
20201102212011 (base 3) to base 9
6642764
Convert -971473 (base 10) to base 12.
-3aa241
-1cd21ac (base 14) to base 11
-81a6607
What is -699370 (base 10) in base 3?
-1022112100121
Convert -2232150 (base 11) to base 9.
-7322210
68e3a7 (base 15) to base 16
4c6fb4
Convert -88acd (base 16) to base 12.
-22bb79
Convert 1e6a3e (base 16) to base 13.
54a371
What is 39726 (base 12) in base 4?
103033032
What is 10001111000100011100111 (base 2) in base 5?
2200004403
What is 54335404 (base 6) in base 7?
16503502
What is 25d23c (base 14) in base 10?
1303846
-343870 (base 10) to base 3
-122110200221
-2118550 (base 10) to base 4
-20011032112
Convert -8636 (base 16) to base 12.
-17a72
Convert 168772a (base 11) to base 8.
12734047
Convert 188352 (base 10) to base 6.
4012000
-aa207 (base 11) to base 6
-3232333
-14a4646 (base 12) to base 11
-2406992
Convert 24909 (base 10) to base 16.
614d
Convert 157217 (base 8) to base 4.
31322033
Convert 34150425 (base 7) to base 10.
2970252
Convert -51861 (base 12) to base 4.
-122002021
What is -8a497b (base 13) in base 14?
-61051b
What is -5c0249 (base 13) in base 15?
-2d6aeb
-430142 (base 6) to base 12
-18352
What is -11344828 (base 10) in base 5?
-10401013303
Convert -133011103 (base 5) to base 11.
-41a413
What is -1202120 (base 5) in base 9?
-33352
What is cd98 (base 15) in base 4?
22220300
Convert -178da (base 16) to base 2.
-10111100011011010
Convert 852284 (base 9) to base 14.
d2a29
Convert 231a0a (base 14) to base 7.
13106513
Convert 101105225 (base 6) to base 16.
1a7a31
Convert -c5af3 (base 16) to base 6.
-25204403
Convert 290532 (base 13) to base 5.
224004041
What is 120122120 (base 4) in base 8?
303230
Convert -101200102100 (base 3) to base 9.
-350370
What is -5810652 (base 10) in base 16?
-58a9dc
What is 134255 (base 9) in base 2?
10011111111000100
What is 1022111010111 (base 3) in base 7?
5636242
What is 12100345 (base 6) in base 11?
240410
What is 434248 (